r of r and 24.
6
Let n = -380 + 524. What is the greatest common divisor of n and 90?
18
Let b = 523 + -517. Calculate the greatest common factor of b and 306.
6
Let k(q) = -13*q**2 + 34*q**2 + 2*q - 2*q**2 + 4. Let z be k(-3). Suppose 5*n - z = 21. Calculate the highest common divisor of 95 and n.
19
Let v = 25 + -8. Let w(x) = x**3 - 16*x**2 - 16*x + 1. Let i be w(v). Calculate the highest common factor of 12 and i.
6
Suppose 2*v = v - 4, 4*d = 2*v + 76. Let m = d + -9. What is the greatest common divisor of 56 and m?
8
Suppose -57*h + 56*h - 18 = -5*r, 2*r - 18 = 4*h. Suppose 28 = 3*k - 4*d, 0 = -2*k - 3*d + 30. Calculate the highest common divisor of r and k.
3
Let u be (6 + (-104)/20)/((-2)/(-280)). Suppose -3*g + 248 = -u. Calculate the highest common divisor of g and 15.
15
Suppose -7 = -5*p - u, -17 = -5*p + p + 3*u. Let k be -3 + 172 + p*-2. Calculate the greatest common divisor of k and 33.
33
Suppose 11*v - l + 11 = 12*v, 2*v + l - 26 = 0. Calculate the highest common divisor of v and 69.
3
Suppose -2*y + 34 = -0*y. Let i(j) = -j**3 + 17*j**2 - 7*j - 25. Let k be i(16). What is the highest common factor of k and y?
17
Suppose k - 2 = 0, -16*u = -20*u + 2*k + 88. What is the greatest common divisor of u and 2323?
23
Let j(h) = 3*h**3 - 50*h**2 - 13*h - 41. Let p be j(17). Calculate the highest common factor of p and 63.
9
Suppose -3*j - 105 = 3*y - 6*y, -5 = -j. Let f(l) = -4*l + 2. Let n be f(-2). Calculate the greatest common factor of n and y.
10
Suppose -y + 0 + 4 = 0. Suppose 13 + 191 = y*g. Calculate the greatest common factor of g and 17.
17
Let w(s) = -s**3 + 16*s**2 - 18*s + 1. Let j be w(9). Calculate the highest common divisor of 14 and j.
14
Suppose 3*z = 5*n + 13, 7*z - 6*z - 2*n = 4. What is the highest common divisor of 150 and z?
6
Let h = -109 - -114. Suppose 4*r = -t + 25, -h*r = t - 7 - 24. What is the greatest common factor of r and 78?
6
Let w(g) = 9*g - 59. Let i be w(7). Suppose i*y + 18*y = 330. What is the highest common factor of 60 and y?
15
Let i(g) = -g**3 - 12*g**2 + 24*g - 23. Let d be i(-14). Let f = 39 - d. Calculate the greatest common factor of f and 2.
2
Let c(y) be the second derivative of y**5/20 - 2*y**4/3 + y**2 + 9*y. Let z be c(8). Calculate the greatest common divisor of 22 and z.
2
Let r(a) = -a**3 + 31*a**2 + 182*a - 40. Let o be r(36). What is the greatest common divisor of 768 and o?
32
Let y be (-31248)/(-80) - (-1)/(-10)*-4. What is the highest common factor of 119 and y?
17
Suppose 4*u = 4, -a - 2*a - 2*u = -68. Let l = a + -17. Suppose -l*y - 41 = -4*r + 19, 15 = r + y. Calculate the highest common factor of r and 120.
15
Let q be ((-8)/(-12))/(1/(-9)). Let v be q/(-14) - 1012/(-154). Let x = -15 + 64. What is the greatest common factor of x and v?
7
Suppose -7*u + 8*u + 2*g - 33 = 0, 5*u = -4*g + 165. Let c(h) = 3*h - 4. Let q be c(5). What is the greatest common factor of u and q?
11
Let v = 51 + 24. What is the greatest common factor of v and 39?
3
Let y = 109 - 52. What is the greatest common divisor of y and 57?
57
Let t(a) = -4*a + 75. Let n be t(0). Calculate the greatest common factor of 105 and n.
15
Let p(u) = 123*u + 6. Let r be p(-3). Let m be 2 - (r + (-6)/(-3)). Let k(f) = 8*f**2 + 1. Let t be k(2). Calculate the highest common factor of m and t.
33
Let c be (1/(5/12))/(518/3885). What is the highest common factor of c and 36?
18
Let a be 48 + 20/((-25)/5). Suppose 5*y = -o + 52, -2*y + 2*o = 7*o - 7. What is the highest common divisor of a and y?
11
Let p be 3437/8 + (-39)/(-104). Suppose d + p = 5*r, 0*r + 410 = 5*r + 3*d. Calculate the greatest common factor of 5 and r.
5
Let z = 14 + -11. Let c be z/9 + 6/9. What is the greatest common divisor of c and 8?
1
Suppose 15 - 39 = -12*o. Suppose 5*h - 596 = -2*q + q, 5*q - 5*h = 2860. Suppose -q = -p - o*p. Calculate the greatest common divisor of 24 and p.
24
Suppose 0 = 24*z - 21*z - 3276. Calculate the greatest common divisor of z and 21.
21
Suppose -724 = -5*c + 5*a + 231, 0 = 4*c + a - 739. What is the greatest common divisor of 124 and c?
62
Suppose 2*f + 16*f = 198. Let z(n) = 40*n - 3. Let k be z(2). What is the greatest common divisor of k and f?
11
Let r(l) = -7*l**3 + 30*l**2 + 6*l + 2. Let t be r(4). Calculate the highest common factor of t and 2.
2
Let k = -21 - -37. What is the highest common factor of k and 368?
16
Let g be (8/(-3))/((-6)/9). Suppose 0 = h - 2. Let y = 30 + h. Calculate the highest common divisor of y and g.
4
Suppose -27 - 67 = -2*a. Let r = 61 - a. What is the greatest common divisor of 14 and r?
14
Let g(d) = d**3 - 2*d**2 + 5*d + 26. Let b be g(0). What is the highest common divisor of b and 208?
26
Suppose 41*a = 40*a + 1458. Let w be a/30 - (-12)/(-20). What is the highest common factor of w and 32?
16
Let x(k) = -k**3 + 15*k**2 - 19*k - 49. Let y be x(13). Calculate the greatest common divisor of y and 6.
6
Suppose -5*v + 3*p + 265 = 0, 2*v - 75 = -4*p - p. Let b be (9 - -6) + 0 + 0. Let d = b - 10. Calculate the greatest common factor of v and d.
5
Let b(v) be the second derivative of -v**5/20 + 11*v**4/12 + v**3/6 + 13*v**2/2 - 7*v. Let o be b(11). Calculate the highest common divisor of 24 and o.
24
Suppose -1887 = -24*s + 4233. What is the highest common divisor of s and 102?
51
Let a(v) = -v**3 + 15*v**2 + 4*v - 46. Let h be a(15). Calculate the greatest common factor of 14 and h.
14
Let q be 6/30 + (-14)/(-5). Let f be (-6)/(5/((-100)/q)). Let l = 76 - f. What is the greatest common divisor of 18 and l?
18
Let l = 432 - 412. Let t = 29 - 9. What is the greatest common factor of l and t?
20
Let i(h) = -h**3 + 32*h**2 - 109*h + 60. Let x be i(28). What is the greatest common factor of 15 and x?
3
Let u be (-90)/(-1 - (-4 - -5)). Calculate the greatest common factor of u and 495.
45
Let l = -192 + 216. What is the greatest common factor of 48 and l?
24
Suppose 1 = -2*d + 9. Suppose d = -k, 3*k + 636 = 4*t - 2*k. What is the greatest common factor of 22 and t?
22
Let n(b) = -78*b - 249. Let d be n(-7). Calculate the greatest common divisor of d and 22.
11
Let y be (((-44)/6)/1)/(362/(-543)). Let t = 3 + -1. Suppose 4*v - 25 = -7*d + t*d, -4*v + 21 = d. Calculate the highest common divisor of d and y.
1
Suppose 523 = 12*t - 389. What is the greatest common divisor of 171 and t?
19
Suppose 2*f - 385 = 5. Let n be ((-44)/12 - -3)/(4/(-78)). What is the greatest common factor of f and n?
13
Let y = -61 - -65. Let i be ((441/6)/(-7))/((-3)/y). Suppose -60 - 24 = -4*g. Calculate the greatest common divisor of g and i.
7
Suppose -6*d = z - 2*d - 15, -3*z - 3*d = -18. Suppose 192 = 3*g + g - z*c, -5*g = -4*c - 239. What is the greatest common divisor of 34 and g?
17
Let h = 0 + 18. Let n be 78/4 + (-5 - h/(-4)). Calculate the highest common divisor of n and 171.
19
Suppose -58 - 262 = -64*b. Calculate the greatest common factor of b and 95.
5
Let b(x) = x**2 - 6*x + 6. Let l be b(6). Let q(i) = 55*i + 504. Let o be q(-9). Calculate the greatest common factor of l and o.
3
Suppose 4226 = 64*c - 1534. What is the highest common factor of 210 and c?
30
Suppose -2*r + 6*r - 140 = 0. Suppose -2*u = 5*o - 8 - 11, 1 = o. Calculate the highest common divisor of u and r.
7
Let r = 563 - 503. Calculate the greatest common factor of 330 and r.
30
Suppose 0 = -5*h - 4*y + 3395, -4*h - y = -2*y - 2695. Calculate the highest common divisor of h and 27.
27
Let l(o) = 2*o**3 + 31*o**2 + 16*o + 30. Let p be l(-15). Calculate the greatest common divisor of 15 and p.
15
Let v(x) = -9*x + 40. Let i be v(0). What is the highest common divisor of i and 30?
10
Let p be 41*1 + (-8 - (5 + -8)). Calculate the greatest common factor of 9 and p.
9
Let b(v) = 2*v - 12. Let a be b(10). Let g = 64 + 1. Suppose w = -2*t + 28, -g = -5*t - 5*w + 15. Calculate the greatest common divisor of a and t.
4
Let l be (-12)/72 - (-4)/((-48)/(-1370)). Calculate the greatest common divisor of 76 and l.
38
Let s(g) = 7*g + 113. Let u be s(-7). What is the highest common divisor of u and 144?
16
Let y = 32 + -73. Let s = -20 - y. What is the highest common factor of s and 7?
7
Let s = 152 - 75. What is the highest common divisor of s and 550?
11
Let c = 42 - 43. Let z be 1/((-3)/51*(c + 0)). What is the highest common factor of 15